In base 16, what is 0 + 3c?
3c
In base 3, what is 2011 - -10021?
12102
In base 7, what is -5 - 52?
-60
In base 9, what is -161 + -2?
-163
In base 13, what is -7 - -8?
1
In base 9, what is 32 + -5?
26
In base 16, what is -3f - 5?
-44
In base 8, what is 4 + 2573?
2577
In base 9, what is 1 - -1186?
1187
In base 14, what is -b - -77?
6a
In base 8, what is 0 - -3027?
3027
In base 3, what is 102222 + -2?
102220
In base 14, what is -59 - 7?
-62
In base 2, what is -110110011 - 0?
-110110011
In base 15, what is -6 + 64?
5d
In base 5, what is 202 + -114?
33
In base 15, what is -2556 - -3?
-2553
In base 9, what is 4 + -66?
-62
In base 6, what is -1522 - 22?
-1544
In base 16, what is -29c + -3?
-29f
In base 12, what is 5 + -15?
-10
In base 12, what is -29a5 - -5?
-29a0
In base 12, what is -12 + -24?
-36
In base 16, what is 1 - -8e?
8f
In base 5, what is -112 + 242?
130
In base 4, what is -11 + -12110?
-12121
In base 14, what is a9 - 0?
a9
In base 9, what is 36 + 226?
263
In base 8, what is 163 + -4?
157
In base 2, what is -1100101 - -10?
-1100011
In base 8, what is 206 + 6?
214
In base 14, what is 1 + 57?
58
In base 11, what is -64 + 63?
-1
In base 13, what is 7 - -16a1?
16a8
In base 6, what is 250444 - 1?
250443
In base 11, what is 6 + 722?
728
In base 12, what is 17 - 314?
-2b9
In base 6, what is 5 + -211?
-202
In base 2, what is 100 - -110000001001?
110000001101
In base 5, what is 332 - -11?
343
In base 7, what is 3 - 1?
2
In base 8, what is -17 + 3?
-14
In base 15, what is -2 - 6?
-8
In base 16, what is 4e + -3?
4b
In base 8, what is 251 - 4?
245
In base 9, what is -5 + -30?
-35
In base 3, what is -2100 - -101?
-1222
In base 3, what is 102222002 - 10?
102221222
In base 12, what is -5 + -4a?
-53
In base 7, what is -3 + -61?
-64
In base 2, what is -100011110001 + -100?
-100011110101
In base 9, what is -83644 - 5?
-83650
In base 2, what is 110110 - -10?
111000
In base 3, what is -212 + -2022?
-10011
In base 14, what is -13a69 - 4?
-13a6d
In base 2, what is -1111011 + 1?
-1111010
In base 15, what is 4 + -61?
-5c
In base 2, what is 11000000110 - -1?
11000000111
In base 4, what is -10 + -20?
-30
In base 12, what is 0 + 870?
870
In base 3, what is 1212100212 + -1?
1212100211
In base 3, what is -100 - -10?
-20
In base 7, what is -1063 + 3?
-1060
In base 3, what is -1000022 + -11?
-1000110
In base 9, what is 424 + 2?
426
In base 2, what is 1100 - -101101?
111001
In base 3, what is -20001102 + 11?
-20001021
In base 11, what is -1 + -265?
-266
In base 9, what is -1 - 324?
-325
In base 14, what is 18 + -177?
-15d
In base 2, what is 110 - -1101?
10011
In base 4, what is -10322 - 231?
-11213
In base 7, what is -54 + -4?
-61
In base 11, what is 25 - 30?
-6
In base 7, what is -3 - 430?
-433
In base 6, what is 22 + -4311?
-4245
In base 2, what is 1001 - -1111?
11000
In base 15, what is -4 + -132?
-136
In base 11, what is -3 - a5?
-a8
In base 8, what is 1 + -4?
-3
In base 14, what is 30 - -4?
34
In base 6, what is 1310 + 112?
1422
In base 3, what is -201 - 111?
-1012
In base 7, what is 5 - 143?
-135
In base 4, what is 2 + -30021?
-30013
In base 15, what is -3 - -881?
87d
In base 8, what is 37 + -1054?
-1015
In base 11, what is 22 + -12?
10
In base 13, what is -7038 - 1?
-7039
In base 8, what is 0 + 536?
536
In base 16, what is e9 + 5?
ee
In base 3, what is 202 - -111?
1020
In base 8, what is -3652 - -2?
-3650
In base 9, what is -64 + -204?
-268
In base 14, what is 7 + -35?
-2c
In base 16, what is 5 + 25?
2a
In base 16, what is 0 + -2b?
-2b
In base 5, what is -40404 + -1?
-40410
In base 10, what is 647 - 10?
637
In base 7, what is 0 + 420?
420
In base 8, what is 57 + -10?
47
In base 3, what is 0 - 2002001?
-2002001
In base 10, what is 21 - -126?
147
In base 5, what is 33402 - -12?
33414
In base 3, what is 21 - 12000?
-11202
In base 12, what is 2 + 96?
98
In base 16, what is 0 - 1f?
-1f
In base 3, what is -110 + 12012?
11202
In base 14, what is 1aa - 16?
194
In base 8, what is 42 + 21?
63
In base 4, what is -11033 + 11?
-11022
In base 9, what is 3053 - -4?
3057
In base 12, what is -7 + -20?
-27
In base 4, what is 2 + 300?
302
In base 10, what is -297 + -6?
-303
In base 8, what is -34 - 20?
-54
In base 10, what is 145 + -3?
142
In base 16, what is 1d - -1c?
39
In base 5, what is -3 - -4134?
4131
In base 10, what is -5 + 100?
95
In base 10, what is -10 - -81?
71
In base 12, what is a + -5?
5
In base 16, what is -1b - -6?
-15
In base 15, what is 17b + -19?
162
In base 11, what is 1 + 1883?
1884
In base 7, what is 35 + -5?
30
In base 3, what is 0 + -101?
-101
In base 4, what is 32113 - -10?
32123
In base 5, what is 31434 - 10?
31424
In base 4, what is -3 + 12?
3
In base 15, what is 566 - 2?
564
In base 13, what is 2 + 71?
73
In base 12, what is -2a1 + -8?
-2a9
In base 6, what is 244 - 35?
205
In base 4, what is 2310 - -2?
2312
In base 5, what is 300 + 4?
304
In base 5, what is -441 + -2?
-443
In base 7, what is -66 + -2?
-101
In base 6, what is -2545 - 3?
-2552
In base 14, what is 12a - -2?
12c
In base 4, what is -11 + -112030?
-112101
In base 3, what is -1 - 21211?
-21212
In base 13, what is 1081 + 0?
1081
In base 11, what is 12 + -32?
-20
In base 10, what is 3 - 215?
-212
In base 6, what is 35 + -54?
-15
In base 15, what is 3 + -47?
-44
In base 9, what is -61 + 27?
-33
In base 4, what is 20 - 101?
-21
In base 12, what is -167 - -1?
-166
In base 11, what is 7 - 66?
-5a
In base 14, what is 49 + -5?
44
In base 8, what is 1604 + 1?
1605
In base 2, what is -100101 + 10?
-100011
In base 8, what is 165 - -5?
172
In base 5, what is 111243 - -2?
111300
In base 2, what is 100 + -1010011001001?
-1010011000101
In base 2, what is 11 + -11111001?
-11110110
In base 15, what is -24 + 3c?
18
In base 8, what is -3 + -2751?
-2754
In base 8, what is 1 - -42?
43
In base 2, what is -11001 - 110?
-11111
In base 16, what is 31 - -1d?
4e
In base 4, what is 21 + -20?
1
In base 14, what is d - 42?
-33
In base 15, what is -39 - -3?
-36
In base 10, what is 2519 - 4?
2515
In base 7, what is 2026 - 4?
2022
In base 13, what is 5 + -b6c?
-b67
In base 2, what is 11 - -100101?
101000
In base 4, what is 11 - -3313?
3330
In base 8, what is -5 - 274?
-301
In base 5, what is 1144 + -1?
1143
In base 8, what is -1414 - -10?
-1404
In base 7, what is -4 - -4321?
4314
In base 8, what is -33 + -12?
-45
In base 8, what is 3 - -4604?
4607
In base 11, what is -32 - 4a?
-81
In base 2, what is 110 + 110000010?
110001000
In base 6, what is -310 + -2?
-312
In base 10, what is -131 - -2?
-129
In base 8, what is -26 - 203?
-231
In base 12, what is -8 - 6b?
-77
In base 14, what is 10 - 4?
a
In base 13, what is 1 - 4a2?
-4a1
In base 11, what is 5 + a32?
a37
In base 8, what is 253 - -5?
260
In base 5, what is 2 - -11123?
11130
In base 16, what is 14 - -20?
34
In base 4, what is 2111 - 10?
2101
In base 3, what is -10 + -10112?
-10122
In base 11, what is 3 + -81?
-79
In base 8, what is 340 + -3?
335
In base 2, what is -110 + -10011000?
-10011110
In base 5, what is -22 - -21342?
21320
In base 10, what is 3 + 146?
149
In base 7, what is 5120 - 4?
5113
In base 14, what is 22 + 1c?
40
In base 11, what is 27 - -5?
31
In base 12, what is a - a3?
-95
In base 15, what is 9 + -29?
-20
In base 15, what is -3 + 17?
14
In base 6, what is 533 - -5?
542
In base 7, what is 50 - -4?
54
In base 10, what is 10 + 198?
208
In base 16, what is -1dc + -1?
-1dd
In base 5, what is -2102234 - 3?
-2102242
In base 14, what is 143 + 0?
143
In base 10, what is 32 - -102?
134
In base 4, what is -10 + -11103?
-11113
In base 8, what is 170 + 3?
173
In base 3, what is 12 + 102211121?
102211210
In base 15, what is 4 - -304?
308
In base 11, what is 1 - -13?
14
In base 13, what is 0 - -1a43?
1a43
In base 2, what is 110 + -10100?
-1110
In base 10, what is -2511 + 4?
-2507
In base 8, what is 3210 - 3?
3205
In base 9, what is 23 - -23?
46
In base 2, what is 111100110 - -110?
111101100
In base 5, what is -11 - -222?
211
In base 14, what is -2445 - 2?
-2447
In base 6, what is 322 - -224?
550
In base 14, what is 3a + 5d?
99
In base 6, what is -5 + 2045?
2040
In base 13, what is 81 + 3?
84
In base 6, what is 35 - -443?
522
In base 10, what is 7 - -473?
480
In base 10, what is 2 - -23?
25
In base 10, what is 1 - 75?
-74
In base 16, what is 20 + 11c?
13c
In base 4, what